{"id":52,"date":"2025-10-01T12:00:32","date_gmt":"2025-10-01T12:00:32","guid":{"rendered":"https:\/\/signexpert.ro\/?page_id=52"},"modified":"2025-10-01T12:00:32","modified_gmt":"2025-10-01T12:00:32","slug":"contact","status":"publish","type":"page","link":"https:\/\/signexpert.ro\/?page_id=52","title":{"rendered":"Contact"},"content":{"rendered":"\n\n\n<h6>Contacta\u021bi-ne pentru \u00eentreb\u0103ri sau colabor\u0103ri viitoare.<\/h6>\n<h2>Contacta\u021bi-ne<\/h2>\n<P>Suntem aici pentru a v\u0103 ajuta<\/P>\n\n\n\n\n\n\n\n\n<h4>Contacta\u021bi-ne pentru \u00eentreb\u0103ri sau colabor\u0103ri viitoare.<\/h4>\n<p>Completa\u021bi formularul de mai jos pentru a ne contacta.<\/p>\n\n\n\n\n\n\n\n\n\n\n\n\n\n\n\n\n\n\n\n\n\n\n\n\n\n\n","protected":false},"excerpt":{"rendered":"","protected":false},"author":1,"featured_media":0,"parent":0,"menu_order":0,"comment_status":"closed","ping_status":"closed","template":"","meta":{"footnotes":""},"class_list":["post-52","page","type-page","status-publish","hentry"],"blocksy_meta":[],"aioseo_notices":[],"_links":{"self":[{"href":"https:\/\/signexpert.ro\/index.php?rest_route=\/wp\/v2\/pages\/52","targetHints":{"allow":["GET"]}}],"collection":[{"href":"https:\/\/signexpert.ro\/index.php?rest_route=\/wp\/v2\/pages"}],"about":[{"href":"https:\/\/signexpert.ro\/index.php?rest_route=\/wp\/v2\/types\/page"}],"author":[{"embeddable":true,"href":"https:\/\/signexpert.ro\/index.php?rest_route=\/wp\/v2\/users\/1"}],"replies":[{"embeddable":true,"href":"https:\/\/signexpert.ro\/index.php?rest_route=%2Fwp%2Fv2%2Fcomments&post=52"}],"version-history":[{"count":0,"href":"https:\/\/signexpert.ro\/index.php?rest_route=\/wp\/v2\/pages\/52\/revisions"}],"wp:attachment":[{"href":"https:\/\/signexpert.ro\/index.php?rest_route=%2Fwp%2Fv2%2Fmedia&parent=52"}],"curies":[{"name":"wp","href":"https:\/\/api.w.org\/{rel}","templated":true}]}}